-13)))?
59
Evaluate 1 + 42 - (-168 - (-403 - -234)).
42
What is the value of (-21 - (-17 - 2)) + (2 - -7) - 27?
-20
Calculate -71 - ((-76 - -28) + 3).
-26
Evaluate 86 - -1 - (-1263 - -1266 - (16 + -2)).
98
Calculate (12 - 0 - -1) + 0 + -90 + 6 + -3.
-74
(11 - (-6 - (-11 - 5))) + -2 + -28
-29
Calculate -51 + -8 + 70 + -67.
-56
Calculate 6 + 4 + 74 - (-265 + 275).
74
What is 134 + -40 + -89 + -2?
3
16 - 16 - (0 - -4 - (0 - -50) - -3)
43
Evaluate (-92 - -105) + 72 - 6.
79
What is the value of 8 - (-52 + 112 + -90)?
38
What is the value of 7 + (-13 - (-15 + (-17 - (-17 + -5))))?
4
What is 15 + -2 - (-1 - (19 - (45 + -9 - 10)))?
7
What is 127 + 14 + 33 + -68 - (-8 + 1 + 0)?
113
(-29 - (-8 - (5 + 6))) + 4 + 17
11
Calculate (5 - (3 - 5)) + (-47 + 67 - -15).
42
What is the value of -63 + 63 + 16 + -12?
4
What is 139 + -116 + -5 + 16 - 26?
8
What is the value of -10 + (-1 + -61 - ((-21 - 23) + 49))?
-77
What is the value of 3 - -17 - (-1845 - -1805)?
60
What is (-1425 - -1434) + (-32 - ((-5 - 0) + 2 + 1))?
-21
What is 11 + (-9 - (17 - 7)) + 3?
-5
-105 + 100 - (-7 - 10) - (2 + 80)
-70
Calculate 22 + (471 - 479 - (1 - -7)).
6
Calculate -40 - (-30 + -22 + 68 + -6).
-50
What is 3 + 5 + (7 - 4 - 2) + -126 + 97?
-20
What is the value of 13 + 23 + -3 + -38 - (-70 - (2 - 3))?
64
Evaluate -45 - -35 - ((-4 + 10 - 12) + 63).
-67
What is -14 + (0 - 64 - ((10 - 4) + -13 + -5))?
-66
What is 95 + (-10 + 48 - 117)?
16
-8 + (1 + 15 - (2 + 27 + -20)) + 42
41
Evaluate -35 + -67 + -19 - -72.
-49
Calculate (-8 + -5 - (-4 + -1)) + (5 - 9 - 2).
-14
Evaluate (-13 - (-9 - 28)) + 2.
26
Calculate -55 - -20 - -22 - -45 - 43.
-11
What is the value of (-28 - (-14 + -36)) + -45?
-23
Calculate (-10 - (-31 + 29)) + -5 - 16.
-29
-32 + 168 + 20 + -50 - 3
103
Calculate (152 - 202) + 90 - (0 + 5).
35
10 + ((15 - 5) + -55 - (-9 + 0))
-26
Evaluate 110 - 133 - (2 - 45).
20
Evaluate -20 + ((-129 - -88) + 35 - (1 + 11)).
-38
-33 + 19 - -18 - -6 - 41
-31
Evaluate 5 + (-20 + 7 - (-22 + 30)).
-16
Calculate (2 - -16) + (-477 - -481) + -50.
-28
Evaluate 11 + -27 - 13 - (52 + -43).
-38
23 + (6 - -7 - 47 - 24)
-35
What is -5 + 3 - ((-1 - (-58 + 32)) + 9)?
-36
Evaluate (-51 - 62) + (7 - 0) + (31 - 11) + -29.
-115
What is 13 - (34 - ((-2 - 4) + 17))?
-10
Evaluate -27 - ((-1 - (23 - 28)) + -8).
-23
Evaluate -2 + -6 + 1 + -122 + -38 + 116.
-51
Evaluate -25 - -15 - (4 - -1 - -13).
-28
Calculate -763 + 747 - (1 - -24).
-41
Evaluate 33 + 12 + (88 - 179).
-46
Evaluate 183 + 154 + -166 + -137.
34
(-9 - (-10 + (-19 + 9 - -20))) + -6 + 99
84
What is (-14 + 10 - -4) + 56?
56
What is (74 - (-4 - -25)) + -75?
-22
What is the value of 30 + 1 + 0 + (123 - 173)?
-19
What is the value of 100 - (109 - 38 - -66)?
-37
7 + 7 - (8 + -21 - -31)
-4
37 + -52 + 19 - (0 - -81 - (18 + -13))
-72
Calculate (23 - -30) + (-24 - (36 + -21)).
14
Evaluate 16 + (-63 - -73) + (-6 - -5).
25
What is 8 + -8 + -9 + 6 + -5 + -3 + 5?
-6
Calculate (-10 + (66 - -2) - (13 + -9)) + 0 + -5.
49
What is the value of 17 - (124 + -5 - 4 - (85 + -107))?
-120
4 + -1 + 1 + 49 + (-2263 - -2254)
44
36 + (-6 - (20 + (-62 - -20)))
52
What is the value of (-22 - -5 - (43 + -51)) + (37 - -1)?
29
Evaluate 4 + -15 + (1 - 15) + (897 - 925).
-53
Evaluate 72 + -42 - (146 - (11 + 14)).
-91
Evaluate ((-6 - (1 + -1)) + -224 + 221 - 44) + -13.
-66
What is the value of 1 + 13 - (129 - -10 - (7 + 12) - 3)?
-103
What is the value of -12 - 74 - -30 - (-5 + 3 + 0)?
-54
What is the value of -29 - -11 - (11 + (15 - 36))?
-8
What is the value of -32 - ((-33 - -24) + -1)?
-22
Evaluate -51 + 26 - -39 - (0 + -1 + 52).
-37
What is -60 + 134 - (0 + -3 - (-23 + 21))?
75
What is -16 - -4 - (64 + -63 - (-2 - -18)) - 0?
3
Calculate 299 - 260 - 36 - (-76 - 0).
79
What is (-54 - -47) + 79 + -43?
29
What is 36 + (-8 + 48 - 52) + -136?
-112
What is (-226 + 217 - (48 - (3 + -4))) + -9?
-67
Evaluate -66 + 40 + 11 + -7 + 23.
1
Calculate 2 + 1 + -4 - 3 - (490 + -502).
8
What is (21 - (17 + 19)) + (143 - 77)?
51
Calculate 36 + -15 + (-9 + -14 - 29) - (-3 + 3).
-31
What is (-136 - -68) + (4 - (6 - -8)) + 23?
-55
What is 72 + (-174 + 111 - -58)?
67
What is 21 - (45 - 15) - 29 - 18?
-56
(-8 - (-13 + 6 + -2)) + (141 - 23)
119
Evaluate 19 + -1 + 1 + 8 + -215 + 200.
12
Evaluate (103 - 3) + 0 + -1 + -192 + 205.
112
Evaluate -4 - (-35 + 46 + 2 + (10 - 2)).
-25
Evaluate -45 + 38 + 14 + 16 + 0 + -12.
11
What is (3 - (-2 + 4 + -1)) + -38 + (-125 - -134)?
-27
What is the value of -16 + -2 - (-10 - (10 + -16) - (-8 - 3))?
-25
Calculate 0 + -7 + -3 - (17 + (-17 - 12)) - -43.
45
What is (1997 - 1895) + (30 - -7)?
139
(-1 - -15) + 28 + (-14 - (-45 + 37))
36
438 + -418 - ((3 + 7 - -2) + -3)
11
Calculate -10 + (-2 - 7 - (5 + 3)).
-27
0 + (-5 - -2) - -7 - (-957 + 963)
-2
What is 2650 + -2701 + (9 - -27)?
-15
(9 - (-2 - 1)) + (-1 - -11) + (2064 - 2081)
5
-55 + (-19 + 21 - -47)
-6
Evaluate 13 + 11 + (-10 - (-1 - -3)).
12
Evaluate (18 + 35 - -17) + -12.
58
What is 0 + -78 - -3 - (-136 + 9 - -132)?
-80
Evaluate (23 - 30 - 21) + (2 - 31).
-57
Evaluate (37 - (42 + 2 + -24)) + -37.
-20
(-71 - (41 - 112)) + (-1 - 1 - -51)
49
What is the value of -2 + -21 + -68 + -58 + 127?
-22
What is the value of -1 + -63 + (10 - (-23 - -51 - 13))?
-69
What is -21 + 10 + 1 + -5 + (1 - -9) + 80?
75
-65 - -29 - (37 + (-44 - -42))
-71
What is the value of (-9 - -66) + -28 + 13 + (-13 - -27)?
56
What is 27 - -1 - (-541 - -548)?
21
101 + -107 + -7 + (-2 + (38 - 0) - 0)
23
86 + (-148 - -29) + -9
-42
Calculate 27 + 0 + (38 - 4) + -10 + -20 + 6.
37
Evaluate 35 - 50 - 18 - 9.
-42
Calculate -69 - (-53 - -3) - -52.
33
(-85 - (96 + -58)) + 59
-64
Calculate (-56 + 34 - -41) + -10 + -42.
-33
Calculate 22 + -1 + (243 - 302).
-38
What is (-15 + 5 - 9) + (12 - 33)?
-40
Calculate (-15 - 16) + 19 + -5 + (5 - 9 - -6).
-15
Calculate (37 - -5) + 34 + (7 - (-11 - -14)).
80
What is 74 + (337 - 355 - (4 - 0))?
52
What is -75 + 57 - -109 - 4?
87
What is the value of 189 - 135 - (8 + 2)?
44
Evaluate (1708 - 1749) + (-3 - -4 - 0).
-40
Evaluate 2 + -1 + (5 - -4 - (49 - 46)) - 18.
-11
-83 + (1 - -1 - -18) + (3 - -18)
-42
54 + 2 + 4707 + -4825
-62
What is ((7 - 2) + (-19 - -2) - 15) + -6?
-33
What is the value of 34 - -58 - (6 - (9 + 7 + -12))?
90
-4 + -38 - ((-21 - -48) + -37 + 6)
-38
What is the value of 54 + -180 + 35 + (17 - 6)?
-80
-25 + 28 - (24 + -12 + 8) - 46
-63
What is -3 + 15 + (-20 - 2 - -21) + -50?
-39
-2 + 1 - (3 - (27 - 22)) - -40
41
49 + (89 - 133) + (-112 - 0 - -1)
-106
What is (10 - (24 - (26 + -6))) + -96?
-90
Calculate 25 + -86 + -63 + 107.
-17
-508 + 460 + 77 + -1 + -170
-142
-14 - -17 - (137 + -25 + -15)
-94
What is -3 + -18 - (-1 + 13 + (-47 - (3 + -29)))?
-12
Evaluate -12 + (-2 - 18 - -60 - 12).
16
Calculate 16 - (54 + 10) - -108.
60
What is the value of (-18 - (2 + -95)) + -119?
-44
Calculate -54 - (-6 - ((-11 - (-6 - 0)) + 3) - 2).
-48
Evaluate -3 + -4 + -5 + -80 + -1 - (-17 - -10).
-86
Calculate -7 + (-8 - -14) + -6 + -7 - -86.
72
What is the value of (49 - (33 - 5)) + -10 - 46?
-35
(19 - -13) + (-3 - (18 - 11) - (1 - 19))
40
What is the value of -97 + 184 + -74 + 61?
74
What is the value of -4 + -58 + (45 - -1 - 35)?
-51
What is 3 + (80 - 84) + 62?
61
Calculate 0 - (4 + -4 + 7 - 11).
4
What is -25 + (0 - 17 - (0 + 14 - 43))?
-13
Calculate -423 + 328 + -19 + 18.
-96
Calculate 67 - (26 - (-1 + 12 - (-28 - -29))).
51
Calculate 12 - (16 - (1 - (22 + -21))) - 17.
-21
54 + (-15 - -22 - 55)
6
What is (-43 - -51) + -11 - -133 - (0 - (3 + -10))?
123
What is 0 + -44 + -7 + (-10 - -28)?
-33
(366 - 357) + (-3 - -90) + 0 - (-3 - -4)
95
What is -1 + -10 + (42 - (-46 + 49)) + -81?
-53
41 + 19 + -39 + (21 - -2)
44
(68 - ((-5 - -15) + -15 - (-2 + 1))) + 5
77
What is (-43 - (46 + -103)) + -41?
-27
Calculate 40 + -48 + 61 + -48.
5
What is the value of (75 - 3) + (132 + -37 - 112)?
55
What is the value of -14 + -1 + -12 + 4 + 30?
7
What is 2 + -28 + (7 - 46) + 28?
-37
2 + 3 + 29 - (3 - (4 - 3) - -5)
27
17 - (-16 - (14 + (-11 - -3 - 16)))
23
Evaluate 9 - -1 - (-3 + 2 - (-8 + -6) - 4).
1
Calculate -1 + -12 + -122 + 93 + 19 - -98.
75
27 + 7 + -60 + 1
-25
Evaluate (23 - 10) + (-22 - (-2 + -8)) + 5.
6
What is -27 - (-4 - -2 - -2) - (65 - 62)?
-30
983 + -1006 - (0 - 11)
-12
Evaluate -39 - (13 + 0 - 6 - 3 - 12).
-31
What is the value of (-16 - -28) + -2 + -3 - (